-4 - -6. Let q be (j + -1)/((-1)/2). Is 7*q/(6/(-33)) a prime number?
False
Suppose -4*n + 157 = -3*n. Suppose -5*u = -u - v - 311, 0 = -2*u + v + n. Is u a prime number?
False
Suppose -5*r = -3*k + 21 - 4, 0 = -k + 3*r + 7. Suppose 4*q = -2*v + 318, -k*v + 179 = -3*q - 446. Is v composite?
False
Let m(g) = g**2 + 8*g + 6. Let t be m(-8). Suppose -5*c + t = -4*c. Is c composite?
True
Suppose -33 + 1858 = 5*a. Is a a prime number?
False
Let j(w) be the third derivative of 21*w**6/10 + w**5/30 - w**4/24 + 5*w**2. Is j(1) composite?
True
Suppose 0 = -v - 4*v + 25. Let r = 3 - 1. Suppose 3*u = -h + v*h - 27, 2*h + r*u = 10. Is h a prime number?
False
Suppose f - 8 = -3*f. Let v be ((-1)/2)/(f/(-20)). Suppose 5*x + v*p = 19 + 21, -4*x + 26 = -2*p. Is x a composite number?
False
Let s(m) = 158*m + 7. Is s(6) composite?
True
Let y = 81 + -53. Suppose -y = -4*t + 192. Is t composite?
True
Is (57/(-2))/((-1)/2) a prime number?
False
Let s = -5 - -7. Suppose -2*h + 40 = s*h. Let f(a) = 9*a - 3. Is f(h) a prime number?
False
Let c(x) = 2*x**3 - x + 3. Let g(v) = -7*v**3 + 3*v - 8. Let k(o) = 11*c(o) + 4*g(o). Let r be k(-1). Is (-2)/r - (-268)/3 a prime number?
True
Let f = 3030 + -1669. Is f a composite number?
False
Suppose 4 = 4*j - 4. Suppose -4*n + 336 = -m, 0*m = -n - j*m + 75. Is n a composite number?
False
Suppose -175 = -5*u + 220. Is u a composite number?
False
Let a = -1111 - -613. Is a/((0 - 1)*2) a prime number?
False
Suppose -5*u + 2927 = 2*j, 4*j - 5845 = -0*j - u. Is j prime?
False
Let y be 1569/9 - 2/(-3). Suppose 4*o - 669 = y. Is o a composite number?
False
Let g = 6 - 12. Is g/18 - (-274)/3 a prime number?
False
Let i = -134 - 592. Let b = -395 - i. Is b a composite number?
False
Suppose 1 - 17 = -4*x. Suppose -x*g = -g - 9. Suppose -g*l + 4 = -2. Is l a prime number?
True
Is (1221/4 - -2)*(8 - 4) prime?
True
Is (3259/(-4))/(1/(-4)) prime?
True
Let i(y) = 4*y + 1. Suppose -2*d - 5*n = -3*d + 19, 4*d - 2*n - 22 = 0. Suppose 0 = d*w - 4*a - 8, 3*w + 2*a + 4 - 15 = 0. Is i(w) a composite number?
False
Let q(s) be the first derivative of 15*s**2 + 7*s - 2. Is q(4) a composite number?
False
Let p(d) = 46*d - 3. Let u be p(4). Suppose -77 = -2*k - 2*s + u, 5*s = 4*k - 516. Is 4/(4/k) + 2 a composite number?
False
Suppose 0 = 4*h - 5*j + 15, 24 = 2*h - 7*h + j. Let w be h/(5/(-8)) - -2. Is 1/(-5) - (-372)/w a composite number?
False
Let a = -303 + 1. Let g = -175 - a. Is g composite?
False
Suppose -z + 20 = -6*z. Is (6 + -20)/(z/38) a composite number?
True
Suppose 3*q + 5*z = 7964, 0 = 4*q - 0*q + 4*z - 10616. Is q a prime number?
False
Suppose y = -2*y - i + 13, -4*i + 7 = -3*y. Is y a prime number?
True
Suppose 0 = 8*q - 1869 - 163. Is q a prime number?
False
Let f(v) = -v**3 - 6*v**2 + 4*v - 2. Is f(-8) a prime number?
False
Let h = -8 - -11. Suppose 2*t + h*t - 170 = 0. Is t a composite number?
True
Let b be 0 - 2 - 36/(-2). Suppose b = p - 5. Is p a prime number?
False
Let l be 10*2*6/20. Let p = -8 + 4. Is (26/p)/((-3)/l) prime?
True
Suppose -4*y - d + 40 = -5*d, -3*d + 6 = 0. Let s(r) = -2*r**2 + 19*r - 17. Let l be s(y). Let b = 204 + l. Is b prime?
True
Is 658/6 + 14/(-21) a prime number?
True
Let m be 11/(3*(-2)/(-6)). Let y = 51 + m. Is y a composite number?
True
Let w be (-4)/(-6) - 7/(-3). Let t(x) = -7 + 5*x**2 - 2*x + w*x**2 - 4*x**2. Is t(5) a prime number?
True
Let i(f) = 208*f - 11. Is i(4) prime?
True
Let n = 39 - 30. Is n a composite number?
True
Is (-15)/6 + 19422/4 composite?
True
Let b be 9 + (-9)/(0 - -3). Let x = 14 - b. Let k = 3 + x. Is k a prime number?
True
Let d(s) = -2*s - 5. Let h be d(-5). Suppose -3*k = -5*t + 181, -h*k - 150 - 95 = 3*t. Let c = -27 - k. Is c composite?
True
Is 7769/17*(4 + 1) a prime number?
False
Suppose 2*y - 78 = -0*m - 4*m, -3*m + 3*y + 45 = 0. Let c = m - 12. Is c composite?
True
Suppose -3*f + 3 - 17 = -2*z, 3*z - 12 = 0. Suppose s + 35 = -46. Let h = f - s. Is h composite?
False
Suppose 0 - 4 = -u. Is u a prime number?
False
Let z = -2 - -1. Let q be 0/(-2) - (1 + z). Suppose q = -w - 4*y + 73, 5*y + 29 = 9. Is w a prime number?
True
Let o = -20 - -28. Suppose -2*m = 2*m + o. Is (-222)/9*3/m prime?
True
Let w = 80 - 37. Let v = 83 - w. Let b = v - 26. Is b composite?
True
Suppose 4*p = -3*r - 71, 0 = p - 0*r - 2*r + 26. Let c be (-44)/p + (-2)/10. Suppose 14 = c*n - 56. Is n a composite number?
True
Suppose 3*k + 2*l - 11045 = 0, 5*l = -3*k + 2*l + 11043. Is k prime?
False
Suppose 684 = b - 1406. Suppose 2*r - 7*r + b = 5*y, 2*r = -4*y + 846. Is r a composite number?
True
Suppose 4*p = -0*w - 5*w + 67, -3*p + 57 = -3*w. Let z = p - -169. Is z prime?
False
Suppose 2*j - 2*i - 616 = 0, -433 = -2*j - 2*i + 179. Is j a prime number?
True
Let b = 2 + -7. Let j = 8 + b. Suppose -5*h = 4*x - 148, 0*x - 4*h = j*x - 111. Is x composite?
False
Suppose -4*r = -0*g - g + 465, -4*g + 3*r = -1873. Is g a composite number?
True
Let a(o) = 10*o**2 + 2*o + 11. Is a(-5) a composite number?
False
Suppose -4*j - 142 = -r + 142, -4*r + 3*j = -1084. Is -3*4/(-24)*r composite?
True
Let o(f) = 4 - 1 - f + 12*f**2 - f. Let l be (4 - 0)/(1*(2 + -3)). Is o(l) prime?
False
Let z be (1 - 1) + -2 + 8. Let l be z + -3 - (-4)/2. Suppose -4*o - l*w = -176, -2*w = -3*o + 3*w + 97. Is o a prime number?
False
Let p = 1531 - 986. Is p a prime number?
False
Let d(g) = -18*g**3 - 3*g**2 - 5*g + 3. Let h be d(3). Let k be (h/(-12))/((-1)/(-4)). Is (k/(-28))/(2/(-8)) prime?
False
Let o = 1212 + 317. Is o a composite number?
True
Is (-73096)/(-28) + 3*(-4)/(-28) composite?
True
Let o = 15 + -11. Suppose o*u = 19 + 209. Is u a prime number?
False
Let a(u) = 331*u**2 + 3*u - 3. Is a(1) a prime number?
True
Suppose 5*d + 8 = -2. Is (9 + -2)*(d - -5) composite?
True
Is (-14342)/(-18) + (-40)/(-180) prime?
True
Let x = -78 - -252. Let l = 261 - x. Is l a prime number?
False
Suppose 2*v = -2*v - n + 99, 108 = 4*v + 4*n. Suppose 0 = q - 134 - v. Let o = q + -91. Is o prime?
True
Suppose -u + 23 = 3*z - 2*u, 3*z = 5*u + 31. Let t(d) = -2*d**2 + 7 + d**2 + 2*d**2 - 5*d. Is t(z) prime?
False
Suppose 16*t + 40 = 20*t. Is t composite?
True
Let l(p) = 3*p**2 - 7*p + 6. Let t be l(4). Suppose 101 = w - t. Is w composite?
False
Suppose 0 = 20*x - 15*x - 455. Is x composite?
True
Suppose -5 = -5*d - 0. Let j = d + 4. Suppose -5*b = -0*o + 4*o - 55, -2*o = j*b - 55. Is b a prime number?
True
Let i be (-73)/5 - 12/(-20). Suppose -2*k + 5 = 3*k. Let n = k - i. Is n a prime number?
False
Let q = 2737 - 1818. Is q a prime number?
True
Let c = -82 - -168. Suppose 3*a = 2*w - 157, -3*w - 3*a - c + 284 = 0. Is w a prime number?
True
Let j(p) = -7 + 2*p - 5 + 3. Let b be j(7). Suppose -b*h = -2*h - 111. Is h a prime number?
True
Let y(t) = 6*t**2 + 2*t + 5. Let p be y(4). Let m = -74 + p. Is m prime?
False
Let s(x) = -3*x + 2. Let l be s(-2). Suppose 0 = t + l*u - 3*u - 2, 0 = -5*u. Suppose -3*v + 196 = -5*w, 2*w + 0*w = t*v - 132. Is v a prime number?
True
Suppose 2*k - 3*k + 332 = 0. Suppose -2*u + 5*u = -15, k = t - 5*u. Is t a prime number?
True
Let n be -361 + (-1)/((-1)/2). Let l = -135 - n. Suppose 3*w = -23 + l. Is w a composite number?
False
Let z(l) = 25*l - 1. Let y be z(7). Let w = 301 - y. Is w composite?
False
Let k(n) = -182*n + 5. Let y(v) = 546*v - 14. Let r(d) = 7*k(d) + 2*y(d). Is r(-6) a prime number?
False
Let t(q) = q**3 - 9*q**2 + q - 6. Let s be t(9). Suppose -38 = -4*v + 2*n, -s*v = 2*n + 2*n - 34. Is v a prime number?
False
Let z = -664 - -1815. Is z a prime number?
True
Suppose -201 = -2*s - 569. Let r = -39 - s. Is r a prime number?
False
Let d = 6 + 3. Let q = d - 6. Is q prime?
True
Suppose 4*w = -3*b + 36, -4*b + 22 = 2*w - w. Suppose 2*r = 4, 2*t - 5*r = w - 2. Is t composite?
False
Suppose -4*t - 752 = -2*u - 2*t, 2*u - 760 = 4*t. Suppose 2*x - u = -x. Suppose -m + 2*m = a + x, 3*m + 4*a - 393 = 0. Is m prime?
True
Suppose 2*u - 578 = -4*c, 4*u = 2*c - 5*c + 1166. Is u a prime number?
True
Let c be (4/8)/(1/6). Is -238*1*c/(-6) a composite number?
True
Suppose 0 = -3*m + 3*l - l + 439, -4*l + 572 = 4*m. Is m prime?
False
Suppose 3*m = 2*o - 447, -145 - 164 = 2*m - 5*o. Let t be 0 + -2 + (-2 - 92). Let c = t - m. Is c a composite number?
True
Let w(j) = 5*j**3 + 2*j**2 - 1. Let q be w(1). Let y(i) = 72*i**2 - 1.